 30. Let x be t(7). Is (32/(-48))/((-2)/x) a prime number?
False
Suppose 0 = -2*v + 4*g - 16, -3*v - 4*g + 0*g + 16 = 0. Suppose 847*y + 152 = 855*y. Suppose v = 2*i - y - 55. Is i prime?
True
Let i(r) = 3*r - 2. Let o be i(-8). Let a = 35 + o. Is 5875/a + 10/45 a composite number?
False
Let f(u) be the first derivative of 12*u - 2 - 687/2*u**2. Is f(-3) composite?
True
Suppose 0 = -h - 4*j + 994121, 75*j = 3*h + 76*j - 2982418. Is h composite?
False
Let n = 206 - 292. Let s = n - -145. Is s a composite number?
False
Let i = -97 - -94. Is (i/(-12))/((-2)/(-25304)) prime?
True
Let p = -174 - -176. Suppose 0 = 10*h + p*h - 63132. Is h composite?
False
Let z(i) = -448259*i - 1179. Is z(-2) a prime number?
False
Let g(f) = 72*f - 95. Let p(s) = 20*s - 14. Let i be p(1). Is g(i) a prime number?
True
Suppose -51*c = -17721 + 2676. Let l be (-23)/(-4) - (-3)/12. Suppose 5*y = r - l*r + c, 0 = -5*y. Is r composite?
False
Suppose 1379091 = 45*r - 2350644. Is r composite?
False
Suppose -2*v + 15*y - 19*y = -718290, -v - 5*y = -359139. Is v a prime number?
False
Suppose -4*n + 5*b = -20, 6*b + 4 = -3*n + 5*b. Suppose 2*y + 4*c - 29916 = 9*c, 3*c - 6 = n. Is y a composite number?
True
Suppose 2*m - 5*a = 6097, 0 = -4*a + 20. Let o = m + -1700. Is o prime?
True
Let c(l) = 5932*l + 2279. Is c(2) a composite number?
False
Let w(i) = 692*i**3 + 6*i**2 - 5*i + 4. Let l = -8 - -10. Is w(l) composite?
True
Let g be (2/(-6))/(-1) + (-77)/33. Let o be (5/g)/((-4)/16). Suppose 2*r = o*r - 168. Is r a prime number?
False
Suppose -12*p - 368 - 40 = 0. Let l = 1737 + p. Is l prime?
False
Let c be (-207)/(-63) - 4/14. Suppose -c*z + 2464 + 12041 = 0. Is z a prime number?
False
Let x(a) be the second derivative of 487*a**4/3 + a**3/3 - a**2/2 - 44*a. Is x(1) prime?
True
Suppose -2480243 = -31*q - 112060. Is q a prime number?
False
Suppose -64*h = -1063937 + 48961. Is h a composite number?
False
Suppose -831*j + 517573 = 824*j - 1648*j. Is j composite?
False
Suppose n - 1 + 4 = 0, -2*x - 3*n = -1. Suppose 4*w + 5*c - 35 = 0, 5*c + 9 = x*w - 1. Suppose 0 = 4*r + 16, l - w*l - 4*r + 13420 = 0. Is l a composite number?
False
Let h(n) = 8*n**3 + 8*n**2 + 11*n - 29. Let q be h(-10). Is (-10)/(-40) - q/4 a composite number?
True
Suppose -3*z - 5*d = -0*d + 13, 0 = -2*z + 3*d + 23. Let p be 84/(-5)*(-2)/z*55. Let g = p + -155. Is g prime?
True
Suppose -6*g + 5128 = -1370. Let x(m) = 73*m + 3 + 64*m - 141*m + g*m**2. Is x(1) a prime number?
False
Let s = -849719 + 1308596. Is s a composite number?
True
Is (-2*(-3)/(-6))/(11/(-675763)) composite?
True
Suppose -4490172 = -34*v + 16*v. Suppose 0 = -3*h - 30 + 36, 4*r = 3*h + v. Is r composite?
True
Suppose 0 = -2*j + 3*v + 119552 + 118617, 0 = 3*j - 4*v - 357253. Is j composite?
False
Let p(f) = -3*f**2 - 56*f + 22. Let q be p(-19). Suppose -2*n - h - 2*h + 26461 = 0, -4*n - q*h = -52931. Is n composite?
True
Let a(t) = 27421*t - 481. Is a(2) a composite number?
False
Let v = -126 + 280. Suppose 7*r - 3*r - 8820 = 0. Let o = r - v. Is o prime?
False
Suppose -86*u + 3625813 = -2125170 - 456411. Is u prime?
False
Suppose 342044 = 24*f - 3695260. Is f composite?
True
Let b be 1/(-6) + 11733/(-18). Suppose 34656 = -9*u + 41*u. Let m = u + b. Is m a composite number?
False
Let h = -160184 + 534705. Is h a composite number?
True
Suppose -4*q - 18 = -2. Let w = 1916 + -1914. Is ((-37)/2)/(w/q) a composite number?
False
Let s(q) = 547*q**2 + 107*q + 71. Is s(-23) composite?
False
Let w be 1097*(-52)/(-4)*(0 + 1). Suppose -3*o + 14273 = 5*l, -26*l = 3*o - 24*l - w. Is o a prime number?
True
Let v = 1715 - 4001. Let o = v + 3251. Is o a prime number?
False
Let g(a) = -7*a - 93. Let l be g(-9). Is ((-8)/20)/2 - 26616/l a prime number?
True
Let a = -1 + 7. Let s(r) = 98*r - 522. Let q be s(10). Suppose 0 = -a*d + 76 + q. Is d a composite number?
False
Suppose 90*n + 35 = 83*n. Let m(g) = -309*g + 112. Is m(n) a composite number?
False
Let s(t) = t**2 - t. Let y(m) = 101*m**2 - 16*m + 2. Let r(w) = -4*s(w) + y(w). Let a be r(5). Let p = a - 928. Is p composite?
False
Let l = 82 - 77. Suppose -t - 31 = -5*g + 49, -t - l = 0. Suppose -g*i = -10*i - 2455. Is i prime?
True
Let k(m) = -9122*m + 5011. Is k(-6) a prime number?
True
Suppose -1497*a + 1326*a = -45302859. Is a a composite number?
True
Let m(s) = -44*s**2 - 25*s + 11. Let j(u) = -45*u**2 - 27*u + 11. Let o(n) = 3*j(n) - 4*m(n). Is o(-7) a composite number?
True
Suppose 85641 - 213336 = -15*f. Is f prime?
True
Suppose 1045300 = 74*h - 70*h. Suppose 21*d + 4*d = h. Is d a prime number?
True
Suppose 69537 = 3*d + 3*t, 1153 - 1171 = 3*t. Is d composite?
True
Suppose -4*t + 24*t - 240 = 0. Is (-2)/t - 5281195/(-222) a prime number?
True
Is -7 - 181924/(14 + -16) composite?
True
Let d(g) = -g**3 - 4*g**2 + 11*g - 5. Let f be d(2). Is (-6314)/f + (-3 - -8) composite?
False
Suppose -56*n = -55*n + 12. Is 192 - -21*4/n composite?
True
Let i(a) be the second derivative of -33*a**5/20 + a**4/12 - 3*a**3/2 - 3*a**2 + 16*a - 11. Let q be 2*-3*4/8. Is i(q) composite?
True
Let z = -14 + 16. Suppose 5*b - 2233 = 3*u, 3*b - z*b = 3*u + 437. Suppose 8*w + b = 9*w. Is w a prime number?
True
Let h = -28 + 28. Let n be (-6 - -6)/(-1 + 2) + h. Suppose f - 418 = -5*c, 4*c = -n*c + 2*f + 326. Is c prime?
True
Let p = -6640 + 10983. Suppose 1090 = 3*i - p. Is i a prime number?
True
Let y = -184118 - -399129. Is y composite?
True
Suppose 2*o - 2*a = 4*o - 46, 5*a + 65 = 4*o. Let n = o - 2. Is 17706/9 + (-6)/n a composite number?
True
Let o(l) = -l**3 + 9*l**2 + 10*l + 15. Let j = -40 - -48. Let u be o(j). Is (3 + -2)/(-4 - u/(-39)) composite?
False
Let j = -106193 - -329857. Suppose 10*g - j = 134646. Is g a composite number?
False
Suppose 0 = 5*q + 16391 - 358336. Is q a prime number?
True
Suppose p - 69 = -4*t, -p + 67 - 2 = 2*t. Let w = -67 + p. Is 0 - 3 - (8*339)/w a prime number?
True
Suppose -2*r = 4*k - 4, -3*r + 26 - 2 = -3*k. Is 100842/8 + -1 + r/8 composite?
True
Let c(n) = 2101*n**2 - 5*n - 5. Let z(r) = r**2 + 14*r + 47. Let q be z(-6). Is c(q) a composite number?
True
Suppose -3*r - 3*c + 69 + 27 = 0, 0 = -5*r - 4*c + 155. Let q = -18 + r. Suppose q = -3*u, 3*u = -2*m + 5*u + 1340. Is m a prime number?
False
Let u be (-30)/(-12)*(-55 - (-9)/(-3)). Let x = u - -198. Is x prime?
True
Suppose 3*l - 5*k = 19, -k = l + 4*k + 7. Let y(d) = 175*d**2 + d + 1. Let w be y(l). Suppose 1586 = 3*r - w. Is r a composite number?
True
Let b(q) be the second derivative of -q**5/20 - q**4/2 + 25*q**3/6 + 11*q**2/2 + 103*q. Suppose -t - v = -0*v + 15, 5*t + 43 = 3*v. Is b(t) composite?
True
Let x be ((-357)/(-28))/17*-4. Is x/7 + (-547616)/(-112) composite?
False
Is (-14323278)/(-24) - 8/32 prime?
True
Suppose 3*m = 8*m - 3*y + 1615, 5*m = -2*y - 1615. Let g = 196 - m. Is g composite?
True
Let r(v) = -31*v - 20 - 144*v - 20*v. Suppose 5 = 4*k - 11, 4*h + 2*k = -12. Is r(h) a composite number?
True
Let n = -6544 - -14361. Is n composite?
False
Let o(d) = 35*d + 5. Let f(u) = -9*u - 1. Let h(j) = -25*f(j) - 6*o(j). Let p be h(1). Is 5*74242/(-7)*(-1)/p a composite number?
False
Is (-39 - -71078) + 0*(-3)/12 a prime number?
True
Suppose 0 = -u + a, 0 = -a - 0*a - 1. Let z(b) = -18453*b + 2. Is z(u) prime?
False
Let d be -2*(55/10 - 5)*-22427. Suppose 8*h - 69795 = -d. Is h composite?
True
Suppose p = -4*c - 36174, -4*c + 3*p - 15059 = 21107. Let q = 17462 + c. Is q a composite number?
False
Let z = 47 - 48. Let r = z - 2. Is ((-2425)/(-20))/(r/(-12))*1 a composite number?
True
Suppose 3*w + 11796 = -4*p + 36015, -p + 40348 = 5*w. Is w a prime number?
True
Suppose 5 = -2*d - 3, -d - 162 = 2*x. Let j = -33 - x. Let a = j + -8. Is a a prime number?
False
Let q(d) = 2*d**2 - 22*d - 24. Suppose -k + 54 = 4*w + k, -3*w + 21 = -5*k. Let u be q(w). Suppose -v - 272 + 1011 = u. Is v a composite number?
False
Suppose 14*h - 1351247 = 3229959. Is h a prime number?
False
Is 1/(28/4994988) - (-8)/84*6 composite?
False
Let k(t) = -504*t**3 + 14*t**2 + 25*t + 1. Is k(-8) composite?
True
Let i(t) = 5*t**2 + 4*t - 1. Let h be i(2). Let n = 36 - h. Suppose 0 = n*u - 13*u + 268. Is u a prime number?
True
Let s(i) = -4 - 1 + 4 - 15*i - 6. Let l be s(-2). Suppose 0 = l*r - 19*r - 5276. Is r a composite number?
False
Let f = -866 + 438. Le